Is i prime?
False
Is (-5)/((-30)/(-2361))*(-2 + 0) a prime number?
True
Suppose 0*b = -2*b + 4*y + 12, -2*y = 0. Suppose 3*a + 70 = -152. Is (a/b)/((-2)/42) prime?
False
Let r = 491 - 251. Suppose -5*p + 901 = -2*c, 67 - r = -p + 4*c. Is p a prime number?
True
Let t(q) = -q**3 - 5*q**2. Let n be t(-5). Suppose -4*o + 123 + 17 = n. Is o a composite number?
True
Suppose 2*h - 7 = -1, 0 = 4*o - h - 5. Suppose 5*q - o*q - 60 = -3*r, -4*q = -3*r - 80. Suppose -26 = -2*m + q. Is m a prime number?
True
Suppose 304 + 2549 = 3*j. Is j a prime number?
False
Let b(y) = -16*y**3 - 2*y**2 + 4*y - 1. Let q be b(-3). Suppose 0 = -5*n - q - 1174. Is (-1)/(-2 + n/(-159)) a composite number?
False
Let i be ((-2)/1)/(2/(-33)). Suppose -2*u = u - i. Is u a prime number?
True
Let w(q) = q + 6. Let d be w(-4). Suppose z = d*z + 22. Let g = z - -61. Is g prime?
False
Is ((-1)/(-4))/(2/3736) composite?
False
Let k(u) = -u + 11. Let a be k(8). Suppose 397 = 2*d + 3*o, -4*o - 1027 = -2*d - a*d. Is d a composite number?
True
Let m be (-4)/(-18) - 144/(-81). Suppose -100 = -2*k + c + 196, -3*k + m*c = -442. Let v = k - 83. Is v prime?
True
Suppose 4*o + 7*u + 5 = 2*u, -10 = o + 3*u. Suppose -o + 29 = 4*b. Is b composite?
True
Let f(j) = j**2 + 8*j + 5. Suppose 4*r - 4 = -4*o - 44, -41 = 5*o + 2*r. Let b be f(o). Is 7*(1 + 4 + b) composite?
True
Is 1/(4/629)*4 composite?
True
Let l = -58 - -62. Let j = 4 - 0. Suppose l*x + k - 223 = 0, -j*k - 5 = -17. Is x composite?
True
Let x be 34/4 - (-1)/(-2). Suppose -3*z + 13 + 16 = 5*p, x = 2*p. Suppose 0 = -b - z*b + 60. Is b composite?
True
Suppose 15 = 4*s - 25. Suppose 9*k - 4*k = c + s, -3*k + 6 = 3*c. Suppose k*h - 212 = -2*h. Is h composite?
False
Is (-3 + 3 + -979)/(-1) composite?
True
Let k = -5 + 5. Suppose k = z - 0*z - 5. Suppose -36 + 301 = z*x. Is x prime?
True
Suppose -5*v + 19702 = 617. Is v a prime number?
False
Let r(x) = x**2 + 3*x + 4. Suppose -l - 3 = -0*l. Let g be r(l). Is (-660)/8*g/(-6) prime?
False
Suppose 3*w = -a + 1182, -6*w + 3*a = -w - 1984. Suppose -w = -0*m - 5*m. Is m prime?
True
Let m = 54 + -21. Is m composite?
True
Suppose 6 = g + 3. Suppose 5*v + 24 = p, -p + g*p + 2*v - 108 = 0. Is p prime?
False
Let f be 1*3 - (-8 - -9). Suppose 0 = -i + f*o - 9, 8*i - 3*i = -2*o - 21. Let x(b) = -2*b + 4. Is x(i) prime?
False
Let k = 3 + -6. Let i be 1/(-3) + (-1)/k. Is 56 - (i + -1)*1 a composite number?
True
Let i(d) = -d**3 + 10*d**2 + 12*d + 10. Let y(s) be the third derivative of s**5/60 - 7*s**4/24 + s**3/2 + s**2. Let t be y(8). Is i(t) a prime number?
False
Let i = -9 + 7. Is (1 + i)*(-81 - -2) composite?
False
Let c = -1829 - -3186. Is c prime?
False
Let x = -816 - -2549. Is x composite?
False
Let z(d) = 2*d**2 + 9*d + 2. Is z(7) composite?
False
Let m = -1 - -4. Let d = -2 + m. Suppose -41 = -2*u + d. Is u composite?
True
Let y(t) = -3*t**3 + 3*t**2 - 4*t + 11. Is y(-6) prime?
False
Let w(x) = x + 2. Let p be w(0). Suppose 0*v - 79 = 5*k - 3*v, -40 = p*k - 4*v. Let n = k + 49. Is n a prime number?
False
Let k = 677 - 444. Is k a composite number?
False
Is (16824/(-48))/((-1)/2) a composite number?
False
Let p(w) = -49*w + 11. Suppose -2*z = 3*r - z + 14, -4*r = z + 20. Is p(r) prime?
False
Let h be (-1971)/(-36) + 1/4. Is h - (-1 + (-6)/(-2)) composite?
False
Suppose 2*k = k + 58. Let u = 93 - k. Is u a composite number?
True
Suppose 2*l - 5*u = 506, 4*u + 318 = 3*l - 441. Is l prime?
False
Suppose 3*m - 2*m - 169 = -3*w, -5*w - 4*m + 277 = 0. Is w composite?
True
Let q be (-114)/(-27) + (-2)/9. Suppose 2*s + 2*a = 256 + 584, 0 = -4*a + q. Is s composite?
False
Let d = 334 - 83. Is d a prime number?
True
Suppose -4*b + s = -3, 6 = -2*b + 2*s - 0*s. Is (-114)/(-4)*b/3 a composite number?
False
Let m(u) = 84*u - 6. Let q be m(6). Is (-2 - -1)/((-6)/q) prime?
True
Let n(c) = -c**2 + 2*c + 955. Is n(0) a composite number?
True
Let t = -7 - -12. Suppose -2*l = -t*l + 177. Is l composite?
False
Let s = -8 - -13. Suppose s*l - 103 - 2 = 0. Is l a composite number?
True
Suppose 1338 + 1053 = 3*m. Is m a composite number?
False
Let f be ((-36)/30)/(3/(-10)). Suppose 4*g - 340 = -0*i - 2*i, i + f = 0. Is g a prime number?
False
Is 579 + 1 - ((0 - -1) + -2) composite?
True
Let l = -91 - -328. Is l composite?
True
Let r(h) be the third derivative of -3*h**2 + 0*h - 3/8*h**4 - 1/6*h**3 + 0. Is r(-3) a composite number?
True
Suppose 5*y + 2*a = y + 66, 5*a = 3*y - 82. Is y prime?
True
Let a = 28 - -9. Is a a composite number?
False
Suppose -2*t + 6 = x - 3, x + 3*t - 9 = 0. Suppose 5*m - 29 = -x. Is (-3)/(-12) + 211/m a composite number?
False
Let a(d) = d + 10. Let v be a(12). Suppose v = -3*g + 124. Is g a prime number?
False
Suppose -o + 2*c = -2*c - 13, -c - 2 = 0. Suppose 2*y = -10, -10 = -t + o*y + 18. Suppose -t*f = -2*f - 79. Is f prime?
True
Let x(m) = -67*m + 11. Is x(-12) a composite number?
True
Let j be (-620)/(-45) - 4/(-18). Suppose -2*m - j = -188. Is m composite?
True
Let s be 753*-8*3/9. Let a = -647 - s. Is a composite?
False
Suppose 0 = 3*p - s - 4685, 4*p + s + 3*s = 6236. Is p a prime number?
False
Let u be 11/2 + 3/(-6). Suppose 1 + 0 = 5*f + d, 5*d - u = -3*f. Suppose f = -2*w + m + 71, 2*w = 5*m + 7 + 52. Is w prime?
True
Let d = -637 + 1095. Is d a composite number?
True
Let a(q) = q**3 + 17*q**2 + 18*q + 4. Is a(-13) composite?
True
Suppose -4*p + 4*x = -8, 5*p - x - 22 = -0*p. Suppose -p*q = j - 107, -4*q + 5*j = -27 - 76. Is q prime?
False
Let v(r) = 18*r**3 - r**2 - r + 5. Let q(u) = -18*u**3 - 4 + u + 2*u - 2*u + u**2. Let c(m) = 6*q(m) + 5*v(m). Is c(-1) a composite number?
False
Let i = 3 - 1. Suppose 4*s - 22 = -4*l + 2*s, -l - s = -8. Suppose -i*k - 19 = -l*k. Is k a prime number?
True
Is 2/4 + 0 + 772/8 composite?
False
Suppose -2*p + 6 + 2 = 0. Suppose 3*c - p*i = 46, -2*i = -5*c + i + 62. Suppose -3*n + 103 - c = 0. Is n composite?
False
Let d(c) = 2*c**2 - 2. Let h be d(3). Suppose 4*p = -t + h, 5*p = t + 3*t - 64. Suppose -t = g - 47. Is g composite?
False
Let x(m) = -9*m. Let z(n) = n**2 + n + 1. Let p be z(-2). Let g be x(p). Let d = 8 - g. Is d prime?
False
Suppose 3*s + 5*f = f - 12, -4*s = -4*f - 12. Let w be s/2 + 2 - 6. Let v = 3 - w. Is v composite?
False
Let o be 1 + -2 - -3 - 0. Suppose n + n - 10 = 5*r, 10 = -3*r + 2*n. Suppose -6*j + o*j + 148 = r. Is j composite?
False
Let v = -144 - -92. Let c = v - -87. Is c prime?
False
Suppose 5*k + 151 = y, -4*k - 449 = -5*y + 222. Is y composite?
False
Let b be (0 + 2)*(1 + 0). Suppose b*k = -5*v + 10, v - 2*k - 2 = -k. Let i(a) = 7*a**2 - 4*a + 3. Is i(v) a prime number?
True
Let l(s) = 5*s**2 - 2*s - 6. Let d(y) = -y**2 + 1. Let o(k) = 3*d(k) + l(k). Is o(5) a prime number?
True
Suppose 44 = -h - 201. Let r = h + 510. Is r a prime number?
False
Let m(p) = 3 + 5*p - p + 4*p. Let i = 2 + 4. Is m(i) composite?
True
Let z be (-24)/9*1*-3. Let n = -2 - -5. Let c = n + z. Is c a prime number?
True
Suppose -1 - 9 = -5*u. Suppose -u*f - 56 = -198. Is f prime?
True
Suppose 29*v = 34*v - 3395. Is v a composite number?
True
Let h = 55 + -36. Is h prime?
True
Let g(r) = 7 + 4*r**2 + 9*r + 4*r**2 + r**3 + 0*r**3 + 0*r**2. Let u be g(-7). Is (-2)/u - (-1075)/35 composite?
False
Let f(r) = 10*r**3 + 2*r**2 + 8*r - 3. Is f(3) composite?
True
Is 255 - (-6)/(-9)*3 a prime number?
False
Let x = -181 - -627. Is x a composite number?
True
Let t be 2 - (0 - (421 - -1)). Suppose -c - t = 3*c. Let v = -23 - c. Is v a composite number?
False
Let o(c) = 3*c. Let j(x) = -2*x - 2. Suppose 20 = 4*n, -n + 9 = -2*b - 0*n. Let g be j(b). Is o(g) prime?
False
Let h be (-42285)/(-35) + (-3)/21. Suppose -2*g - 4*u + 590 = -h, 2*g = 3*u + 1784. Is g a composite number?
True
Suppose 2*y = 5 + 5. Let o(x) = -x + 2*x + y + 9*x. Is o(9) composite?
True
Suppose 0 = 6*d - 3*d - 1959. Is d composite?
False
Let g(v) = -242*v - 5. Is g(-2) a prime number?
True
Let h(q) = -265*q**3 - 4 + 2*q + 5 - q. Is h(-1) prime?
False
Suppose -3*x - 4 = -28. Suppose -5*b + x + 2 = 0. Suppose -b*q = -4*q + 30. Is q a prime number?
False
Suppose -1 = -o + 1. Suppose 5*r - o*r - 15 = -2*z, -3*z = -r - 6. Suppose 748 - 193 = r*a. Is a prime?
False
Let x(v) = 5*v**2 + 5*v - 6. Let c(p) = -9*p**2 - 9*p + 12. Let a(s) = 6*c(s) + 11*x(s). Let n be a(6). Suppose -3*q - n = -279. 